5155?
229
What is the remainder when 40026 is divided by 9990?
66
What is the remainder when 791654 is divided by 13?
6
What is the remainder when 125279 is divided by 125244?
35
What is the remainder when 534 is divided by 240?
54
What is the remainder when 135 is divided by 97?
38
What is the remainder when 24158 is divided by 80?
78
What is the remainder when 1474094 is divided by 973?
972
What is the remainder when 339129 is divided by 6782?
29
What is the remainder when 7299 is divided by 524?
487
Calculate the remainder when 264537 is divided by 60.
57
Calculate the remainder when 21218 is divided by 55.
43
Calculate the remainder when 21414 is divided by 1787.
1757
Calculate the remainder when 37765 is divided by 190.
145
Calculate the remainder when 202884 is divided by 935.
924
What is the remainder when 25901 is divided by 8311?
968
Calculate the remainder when 808 is divided by 627.
181
What is the remainder when 2292 is divided by 45?
42
What is the remainder when 33290 is divided by 378?
26
What is the remainder when 829824 is divided by 2?
0
What is the remainder when 41199 is divided by 218?
215
Calculate the remainder when 487122 is divided by 75.
72
What is the remainder when 809 is divided by 322?
165
What is the remainder when 155107 is divided by 224?
99
What is the remainder when 36065 is divided by 1565?
70
Calculate the remainder when 128423 is divided by 111.
107
What is the remainder when 10443 is divided by 100?
43
Calculate the remainder when 16741 is divided by 28.
25
Calculate the remainder when 24379 is divided by 6087.
31
Calculate the remainder when 29251 is divided by 1300.
651
Calculate the remainder when 24534 is divided by 4086.
18
Calculate the remainder when 30957 is divided by 40.
37
What is the remainder when 3149 is divided by 50?
49
What is the remainder when 9491 is divided by 59?
51
What is the remainder when 310929 is divided by 118?
117
Calculate the remainder when 33414 is divided by 815.
814
What is the remainder when 2839 is divided by 244?
155
What is the remainder when 164620 is divided by 54834?
118
What is the remainder when 13701 is divided by 2733?
36
What is the remainder when 4282 is divided by 63?
61
Calculate the remainder when 184589 is divided by 520.
509
Calculate the remainder when 10203 is divided by 470.
333
Calculate the remainder when 3936 is divided by 1286.
78
Calculate the remainder when 37057 is divided by 18521.
15
What is the remainder when 490684 is divided by 34?
30
Calculate the remainder when 8734 is divided by 1742.
24
What is the remainder when 330972 is divided by 3093?
21
What is the remainder when 11879 is divided by 5832?
215
What is the remainder when 66459 is divided by 1329?
9
Calculate the remainder when 1094 is divided by 147.
65
What is the remainder when 31211 is divided by 306?
305
What is the remainder when 211082 is divided by 70321?
119
Calculate the remainder when 222538 is divided by 138.
82
What is the remainder when 8171 is divided by 826?
737
What is the remainder when 27980 is divided by 368?
12
What is the remainder when 2715 is divided by 124?
111
What is the remainder when 7828 is divided by 489?
4
What is the remainder when 30221 is divided by 20?
1
Calculate the remainder when 328550 is divided by 888.
878
What is the remainder when 14282 is divided by 430?
92
Calculate the remainder when 1321 is divided by 25.
21
Calculate the remainder when 130786 is divided by 189.
187
What is the remainder when 272157 is divided by 41?
40
What is the remainder when 3081 is divided by 50?
31
What is the remainder when 994731 is divided by 16?
11
Calculate the remainder when 523839 is divided by 232.
215
Calculate the remainder when 36748 is divided by 1050.
1048
Calculate the remainder when 59753 is divided by 36.
29
Calculate the remainder when 3434 is divided by 744.
458
What is the remainder when 176507 is divided by 38?
35
What is the remainder when 4816 is divided by 1044?
640
Calculate the remainder when 7317 is divided by 43.
7
Calculate the remainder when 1120845 is divided by 280207.
17
Calculate the remainder when 25032 is divided by 65.
7
What is the remainder when 21474 is divided by 144?
18
Calculate the remainder when 2611 is divided by 48.
19
What is the remainder when 11081 is divided by 1845?
11
What is the remainder when 30010 is divided by 123?
121
What is the remainder when 455805 is divided by 223?
216
Calculate the remainder when 11679 is divided by 44.
19
What is the remainder when 3459 is divided by 687?
24
What is the remainder when 19098 is divided by 71?
70
What is the remainder when 187108 is divided by 23386?
20
Calculate the remainder when 8412 is divided by 8381.
31
Calculate the remainder when 352879 is divided by 1307.
1296
Calculate the remainder when 14653 is divided by 2321.
727
What is the remainder when 1706 is divided by 139?
38
Calculate the remainder when 60399 is divided by 629.
15
What is the remainder when 2297 is divided by 602?
491
Calculate the remainder when 31029 is divided by 15421.
187
Calculate the remainder when 7281 is divided by 2059.
1104
What is the remainder when 390918 is divided by 1448?
1406
Calculate the remainder when 1151924 is divided by 521.
514
Calculate the remainder when 15749 is divided by 15579.
170
What is the remainder when 749 is divided by 70?
49
What is the remainder when 685 is divided by 145?
105
Calculate the remainder when 9711 is divided by 2990.
741
What is the remainder when 13494 is divided by 28?
26
Calculate the remainder when 63490 is divided by 124.
2
What is the remainder when 141487 is divided by 287?
283
Calculate the remainder when 925217 is divided by 209.
183
Calculate the remainder when 270827 is divided by 90261.
44
What is the remainder when 47627 is divided by 222?
119
Calculate the remainder when 174187 is divided by 24883.
6
What is the remainder when 46152 is divided by 3?
0
What is the remainder when 30787 is divided by 1184?
3
Calculate the remainder when 38518 is divided by 241.
199
Calculate the remainder when 5814 is divided by 5785.
29
Calculate the remainder when 842121 is divided by 5.
1
What is the remainder when 33154 is divided by 307?
305
What is the remainder when 7241 is divided by 2407?
20
What is the remainder when 190107 is divided by 47526?
3
What is the remainder when 8234 is divided by 7952?
282
What is the remainder when 739 is divided by 365?
9
What is the remainder when 25055 is divided by 99?
8
What is the remainder when 109020 is divided by 14?
2
What is the remainder when 1118830 is divided by 52?
50
What is the remainder when 1804 is divided by 1218?
586
What is the remainder when 81299 is divided by 41?
37
Calculate the remainder when 116220 is divided by 89.
75
Calculate the remainder when 37276 is divided by 156.
148
Calculate the remainder when 1079 is divided by 848.
231
Calculate the remainder when 19316 is divided by 9656.
4
Calculate the remainder when 201575 is divided by 86.
77
What is the remainder when 28563 is divided by 4755?
33
What is the remainder when 944 is divided by 640?
304
What is the remainder when 42600 is divided by 33?
30
What is the remainder when 131162 is divided by 347?
343
What is the remainder when 93452 is divided by 354?
350
Calculate the remainder when 171356 is divided by 171348.
8
Calculate the remainder when 6054 is divided by 19.
12
Calculate the remainder when 191149 is divided by 648.
637
Calculate the remainder when 382832 is divided by 191412.
8
What is the remainder when 9456 is divided by 181?
44
Calculate the remainder when 36758 is divided by 465.
23
Calculate the remainder when 7965 is divided by 986.
77
Calculate the remainder when 40192 is divided by 99.
97
Calculate the remainder when 1417 is divided by 672.
73
Calculate the remainder when 42363 is divided by 536.
19
What is the remainder when 1913197 is divided by 10?
7
What is the remainder when 64939 is divided by 382?
381
Calculate the remainder when 84238 is divided by 81.
79
Calculate the remainder when 14425 is divided by 381.
328
What is the remainder when 878 is divided by 821?
57
What is the remainder when 5724 is divided by 1936?
1852
What is the remainder when 22503 is divided by 68?
63
Calculate the remainder 